{"id":319,"date":"2016-09-18T14:45:50","date_gmt":"2016-09-18T12:45:50","guid":{"rendered":"http:\/\/www.sontax.se\/?page_id=319"},"modified":"2025-08-29T09:56:45","modified_gmt":"2025-08-29T07:56:45","slug":"horslingor","status":"publish","type":"page","link":"https:\/\/www.sontax.se\/index.php\/horslingor\/","title":{"rendered":"H\u00f6rslingor"},"content":{"rendered":"<p><img loading=\"lazy\" decoding=\"async\" width=\"350\" height=\"100\" src=\"https:\/\/www.sontax.se\/wp-content\/uploads\/2020\/09\/Sontaxloggan-MPLS2003-1.png\" alt=\"\" srcset=\"https:\/\/www.sontax.se\/wp-content\/uploads\/2020\/09\/Sontaxloggan-MPLS2003-1.png 350w, https:\/\/www.sontax.se\/wp-content\/uploads\/2020\/09\/Sontaxloggan-MPLS2003-1-300x86.png 300w\" sizes=\"auto, (max-width: 350px) 100vw, 350px\" \/>\t\t\t\t\t\t\t\t\t\t\t\t\t\t\t<\/p>\n<h2  >\n\t\t\tH\u00f6rslinga<br \/>\n\t\t<\/h2>\n<p>\t\t\t\t<svg aria-hidden=\"true\" viewBox=\"0 0 512 512\" xmlns=\"http:\/\/www.w3.org\/2000\/svg\"><path d=\"M256 8C119 8 8 119 8 256s111 248 248 248 248-111 248-248S393 8 256 8z\"><\/path><\/svg>\t\t\t\t<\/p>\n<h5>\n\t\t\t\t\t\t\tSONTAX &#8211; Makes People Listen Since 2003<br \/>\n\t\t\t\t\t<\/h5>\n<p>\t\t<img  \n\t\t\t\t\t\t\t\t\tsrc=\"https:\/\/www.sontax.se\/wp-content\/uploads\/2018\/09\/skylt-horslinga-teleslinga-vit_svart-blindskrift-taktil.png\"\n\t\t\t\t\t\t\t\t\t\t\t\twidth=\"568\"\n\t\t\t\t\t\t\t\t\t\t\t\theight=\"568\"\n\t\t\t\t\t\t\t\t\t\t\t\tsrcset=\"https:\/\/www.sontax.se\/wp-content\/uploads\/2018\/09\/skylt-horslinga-teleslinga-vit_svart-blindskrift-taktil.png 568w, https:\/\/www.sontax.se\/wp-content\/uploads\/2018\/09\/skylt-horslinga-teleslinga-vit_svart-blindskrift-taktil-150x150.png 150w, https:\/\/www.sontax.se\/wp-content\/uploads\/2018\/09\/skylt-horslinga-teleslinga-vit_svart-blindskrift-taktil-300x300.png 300w\"\n\t\t\t\t\t\t\t\t\t\t\t\talt=\"\"\n\t\t\t\t\t\t\/><\/p>\n<h3>\u00c4r du tr\u00f6tt p\u00e5 d\u00e5ligt konferensljud?<br \/>\nD\u00e5 kan vi hj\u00e4lpa dig!<\/h3>\n<p><strong>H\u00d6RSTAVAR<\/strong><\/p>\n<p>H\u00f6rstav \u00e4r ett hj\u00e4lpmedel som \u00e4r p\u00e5 v\u00e4g att f\u00f6rsvinna eftersom de moderna h\u00f6rapparaterna fungerar med h\u00f6rslingor.<br \/>I dag finns en modell kvar och ingen nytillverkning finns. <br \/>H\u00f6rstaven levereras komplett med laddare och v\u00e4ggf\u00e4ste.<br \/>Pris: Set om 5 st &#8211; 24 995 kr inkl. moms.<br \/>1 st &#8211; 5 295 kr inkl. moms.<\/p>\n<p><strong>LISTENER<\/strong><\/p>\n<p>Ett bra hj\u00e4lpmedel f\u00f6r vaktm\u00e4stare, tekniker f\u00f6r att snabbt kontrollera h\u00f6rslingor. Inbyggd h\u00f6gtalare samt indikeringsdiod g\u00f6r att du b\u00e5de h\u00f6r och ser slingans status.<\/p>\n<p>Univox Listener \u00e4r en l\u00e4ttanv\u00e4nd och prisv\u00e4rd produkt som alltid b\u00f6r finnas tillg\u00e4nglig i lokaler d\u00e4r det finns en h\u00f6rslinga.<\/p>\n<p>Pris:<\/p>\n<p>1095 kr inkl. moms<\/p>\n<p><strong>SLS &#8211; Super Loop System<\/strong><\/p>\n<p>Den nya h\u00f6rslingetekniken som l\u00f6ser gamla slingproblem<\/p>\n<p>Univox SLS-serie \u00e4r speciellt framtagen f\u00f6r professionella installationer d\u00e4r ljudkvalitet, f\u00f6ruts\u00e4gbart slutresultat och m\u00f6jlighet att installera slingor i angr\u00e4nsande rum \u00e4r viktiga parametrar.<\/p>\n<p>Med SLS l\u00f6ser man t. ex. det gamla problemet med att elgitarrer och basar ger rundg\u00e5ng i h\u00f6rslingan.<\/p>\n<p>N\u00e5gra f\u00f6rdelar med SLS<\/p>\n<p>&#8211; \u00d6verh\u00f6rning reduceras<\/p>\n<p>&#8211; J\u00e4mnare frekvensg\u00e5ng<\/p>\n<p>&#8211; Reducerad risk f\u00f6r rundg\u00e5ng<\/p>\n<p>&#8211; Reducerad metallp\u00e5verkan<\/p>\n<p>&#8211; Mindre energi\u00e5tg\u00e5ng<\/p>\n<p>Vi kan h\u00f6rslingor och nya SLS-tekniken<\/p>\n","protected":false},"excerpt":{"rendered":"<p>H\u00f6rslinga SONTAX &#8211; Makes People Listen Since 2003 \u00c4r du tr\u00f6tt p\u00e5 d\u00e5ligt konferensljud? D\u00e5 kan vi hj\u00e4lpa dig! H\u00d6RSTAVAR H\u00f6rstav \u00e4r ett hj\u00e4lpmedel som \u00e4r p\u00e5 v\u00e4g att f\u00f6rsvinna eftersom de moderna h\u00f6rapparaterna fungerar med h\u00f6rslingor.I dag finns en modell kvar och ingen nytillverkning finns. H\u00f6rstaven levereras komplett med laddare och v\u00e4ggf\u00e4ste.Pris: Set om [&hellip;]<\/p>\n","protected":false},"author":1,"featured_media":0,"parent":0,"menu_order":0,"comment_status":"closed","ping_status":"closed","template":"elementor_canvas","meta":{"site-sidebar-layout":"default","site-content-layout":"","ast-site-content-layout":"default","site-content-style":"default","site-sidebar-style":"default","ast-global-header-display":"","ast-banner-title-visibility":"","ast-main-header-display":"","ast-hfb-above-header-display":"","ast-hfb-below-header-display":"","ast-hfb-mobile-header-display":"","site-post-title":"disabled","ast-breadcrumbs-content":"","ast-featured-img":"","footer-sml-layout":"","ast-disable-related-posts":"","theme-transparent-header-meta":"","adv-header-id-meta":"","stick-header-meta":"","header-above-stick-meta":"","header-main-stick-meta":"","header-below-stick-meta":"","astra-migrate-meta-layouts":"default","ast-page-background-enabled":"default","ast-page-background-meta":{"desktop":{"background-color":"","background-image":"","background-repeat":"repeat","background-position":"center center","background-size":"auto","background-attachment":"scroll","background-type":"","background-media":"","overlay-type":"","overlay-color":"","overlay-opacity":"","overlay-gradient":""},"tablet":{"background-color":"","background-image":"","background-repeat":"repeat","background-position":"center center","background-size":"auto","background-attachment":"scroll","background-type":"","background-media":"","overlay-type":"","overlay-color":"","overlay-opacity":"","overlay-gradient":""},"mobile":{"background-color":"","background-image":"","background-repeat":"repeat","background-position":"center center","background-size":"auto","background-attachment":"scroll","background-type":"","background-media":"","overlay-type":"","overlay-color":"","overlay-opacity":"","overlay-gradient":""}},"ast-content-background-meta":{"desktop":{"background-color":"var(--ast-global-color-5)","background-image":"","background-repeat":"repeat","background-position":"center center","background-size":"auto","background-attachment":"scroll","background-type":"","background-media":"","overlay-type":"","overlay-color":"","overlay-opacity":"","overlay-gradient":""},"tablet":{"background-color":"var(--ast-global-color-5)","background-image":"","background-repeat":"repeat","background-position":"center center","background-size":"auto","background-attachment":"scroll","background-type":"","background-media":"","overlay-type":"","overlay-color":"","overlay-opacity":"","overlay-gradient":""},"mobile":{"background-color":"var(--ast-global-color-5)","background-image":"","background-repeat":"repeat","background-position":"center center","background-size":"auto","background-attachment":"scroll","background-type":"","background-media":"","overlay-type":"","overlay-color":"","overlay-opacity":"","overlay-gradient":""}},"footnotes":""},"class_list":["post-319","page","type-page","status-publish","hentry"],"_links":{"self":[{"href":"https:\/\/www.sontax.se\/index.php\/wp-json\/wp\/v2\/pages\/319","targetHints":{"allow":["GET"]}}],"collection":[{"href":"https:\/\/www.sontax.se\/index.php\/wp-json\/wp\/v2\/pages"}],"about":[{"href":"https:\/\/www.sontax.se\/index.php\/wp-json\/wp\/v2\/types\/page"}],"author":[{"embeddable":true,"href":"https:\/\/www.sontax.se\/index.php\/wp-json\/wp\/v2\/users\/1"}],"replies":[{"embeddable":true,"href":"https:\/\/www.sontax.se\/index.php\/wp-json\/wp\/v2\/comments?post=319"}],"version-history":[{"count":28,"href":"https:\/\/www.sontax.se\/index.php\/wp-json\/wp\/v2\/pages\/319\/revisions"}],"predecessor-version":[{"id":3179,"href":"https:\/\/www.sontax.se\/index.php\/wp-json\/wp\/v2\/pages\/319\/revisions\/3179"}],"wp:attachment":[{"href":"https:\/\/www.sontax.se\/index.php\/wp-json\/wp\/v2\/media?parent=319"}],"curies":[{"name":"wp","href":"https:\/\/api.w.org\/{rel}","templated":true}]}}