{"id":302,"date":"2016-09-18T14:12:34","date_gmt":"2016-09-18T12:12:34","guid":{"rendered":"http:\/\/www.sontax.se\/?page_id=302"},"modified":"2025-08-29T09:43:22","modified_gmt":"2025-08-29T07:43:22","slug":"302-2","status":"publish","type":"page","link":"https:\/\/www.sontax.se\/index.php\/302-2\/","title":{"rendered":"Vaktm\u00e4starens arbetsplats"},"content":{"rendered":"<p><img loading=\"lazy\" decoding=\"async\" width=\"350\" height=\"100\" src=\"https:\/\/www.sontax.se\/wp-content\/uploads\/2020\/09\/Sontaxloggan-MPLS2003-1.png\" alt=\"\" srcset=\"https:\/\/www.sontax.se\/wp-content\/uploads\/2020\/09\/Sontaxloggan-MPLS2003-1.png 350w, https:\/\/www.sontax.se\/wp-content\/uploads\/2020\/09\/Sontaxloggan-MPLS2003-1-300x86.png 300w\" sizes=\"auto, (max-width: 350px) 100vw, 350px\" \/>\t\t\t\t\t\t\t\t\t\t\t\t\t\t\t<\/p>\n<h2  >\n\t\t\tVaktm\u00e4starens arbetsplats<br \/>\n\t\t<\/h2>\n<p>\t\t\t\t<svg aria-hidden=\"true\" viewBox=\"0 0 512 512\" xmlns=\"http:\/\/www.w3.org\/2000\/svg\"><path d=\"M256 8C119 8 8 119 8 256s111 248 248 248 248-111 248-248S393 8 256 8z\"><\/path><\/svg>\t\t\t\t<\/p>\n<h5>\n\t\t\t\t\t\t\tSONTAX &#8211; Makes People Listen Since 2003<br \/>\n\t\t\t\t\t<\/h5>\n<p>\t\t<img  \n\t\t\t\t\t\t\t\t\tsrc=\"https:\/\/www.sontax.se\/wp-content\/uploads\/2022\/02\/AVM-3-bild-2.png\"\n\t\t\t\t\t\t\t\t\t\t\t\twidth=\"2992\"\n\t\t\t\t\t\t\t\t\t\t\t\theight=\"2992\"\n\t\t\t\t\t\t\t\t\t\t\t\tsrcset=\"https:\/\/www.sontax.se\/wp-content\/uploads\/2022\/02\/AVM-3-bild-2.png 2992w, https:\/\/www.sontax.se\/wp-content\/uploads\/2022\/02\/AVM-3-bild-2-300x300.png 300w, https:\/\/www.sontax.se\/wp-content\/uploads\/2022\/02\/AVM-3-bild-2-1024x1024.png 1024w, https:\/\/www.sontax.se\/wp-content\/uploads\/2022\/02\/AVM-3-bild-2-150x150.png 150w, https:\/\/www.sontax.se\/wp-content\/uploads\/2022\/02\/AVM-3-bild-2-768x768.png 768w, https:\/\/www.sontax.se\/wp-content\/uploads\/2022\/02\/AVM-3-bild-2-1536x1536.png 1536w, https:\/\/www.sontax.se\/wp-content\/uploads\/2022\/02\/AVM-3-bild-2-2048x2048.png 2048w\"\n\t\t\t\t\t\t\t\t\t\t\t\talt=\"\"\n\t\t\t\t\t\t\/><\/p>\n<h3>Vaktm\u00e4starens arbetsplats<\/h3>\n<article>\n<p>I m\u00e5nga kyrkor har man en d\u00e5lig arbetssituation f\u00f6r vaktm\u00e4staren. Under en gudstj\u00e4nst kan denne f\u00e5 g\u00e5 till flera st\u00e4llen i kyrkorummet f\u00f6r att n\u00e5 de olika styrningskontrollerna f\u00f6r ljud, ljus och kyrkklockor.<\/p>\n<p>En d\u00e5lig arbetssituation f\u00f6r vaktm\u00e4staren vilket \u00e4ven inneb\u00e4r on\u00f6diga st\u00f6rningsmoment vid gudstj\u00e4nster och f\u00f6rr\u00e4ttningar.<\/p>\n<p>Vi kan erbjuda er att samla alla styrkontroller till en och samma punkt s\u00e5 att vaktm\u00e4staren kan sitta p\u00e5 ett st\u00e4lle och ha full kontroll p\u00e5 ljud, ljus och kyrkklockor.<\/p>\n<p>Kontakta oss f\u00f6r ett kostnadsfritt bes\u00f6k s\u00e5 kan vi se \u00f6ver er situation och komma med f\u00f6rslag p\u00e5 hur ni kan ge er vaktm\u00e4stare en bra arbetssituation.<\/p>\n<\/article>\n","protected":false},"excerpt":{"rendered":"<p>Vaktm\u00e4starens arbetsplats SONTAX &#8211; Makes People Listen Since 2003 Vaktm\u00e4starens arbetsplats I m\u00e5nga kyrkor har man en d\u00e5lig arbetssituation f\u00f6r vaktm\u00e4staren. Under en gudstj\u00e4nst kan denne f\u00e5 g\u00e5 till flera st\u00e4llen i kyrkorummet f\u00f6r att n\u00e5 de olika styrningskontrollerna f\u00f6r ljud, ljus och kyrkklockor. En d\u00e5lig arbetssituation f\u00f6r vaktm\u00e4staren vilket \u00e4ven inneb\u00e4r on\u00f6diga st\u00f6rningsmoment vid [&hellip;]<\/p>\n","protected":false},"author":1,"featured_media":0,"parent":0,"menu_order":0,"comment_status":"closed","ping_status":"closed","template":"elementor_canvas","meta":{"site-sidebar-layout":"default","site-content-layout":"","ast-site-content-layout":"default","site-content-style":"default","site-sidebar-style":"default","ast-global-header-display":"","ast-banner-title-visibility":"","ast-main-header-display":"","ast-hfb-above-header-display":"","ast-hfb-below-header-display":"","ast-hfb-mobile-header-display":"","site-post-title":"disabled","ast-breadcrumbs-content":"","ast-featured-img":"","footer-sml-layout":"","ast-disable-related-posts":"","theme-transparent-header-meta":"","adv-header-id-meta":"","stick-header-meta":"","header-above-stick-meta":"","header-main-stick-meta":"","header-below-stick-meta":"","astra-migrate-meta-layouts":"default","ast-page-background-enabled":"default","ast-page-background-meta":{"desktop":{"background-color":"","background-image":"","background-repeat":"repeat","background-position":"center center","background-size":"auto","background-attachment":"scroll","background-type":"","background-media":"","overlay-type":"","overlay-color":"","overlay-opacity":"","overlay-gradient":""},"tablet":{"background-color":"","background-image":"","background-repeat":"repeat","background-position":"center center","background-size":"auto","background-attachment":"scroll","background-type":"","background-media":"","overlay-type":"","overlay-color":"","overlay-opacity":"","overlay-gradient":""},"mobile":{"background-color":"","background-image":"","background-repeat":"repeat","background-position":"center center","background-size":"auto","background-attachment":"scroll","background-type":"","background-media":"","overlay-type":"","overlay-color":"","overlay-opacity":"","overlay-gradient":""}},"ast-content-background-meta":{"desktop":{"background-color":"var(--ast-global-color-5)","background-image":"","background-repeat":"repeat","background-position":"center center","background-size":"auto","background-attachment":"scroll","background-type":"","background-media":"","overlay-type":"","overlay-color":"","overlay-opacity":"","overlay-gradient":""},"tablet":{"background-color":"var(--ast-global-color-5)","background-image":"","background-repeat":"repeat","background-position":"center center","background-size":"auto","background-attachment":"scroll","background-type":"","background-media":"","overlay-type":"","overlay-color":"","overlay-opacity":"","overlay-gradient":""},"mobile":{"background-color":"var(--ast-global-color-5)","background-image":"","background-repeat":"repeat","background-position":"center center","background-size":"auto","background-attachment":"scroll","background-type":"","background-media":"","overlay-type":"","overlay-color":"","overlay-opacity":"","overlay-gradient":""}},"footnotes":""},"class_list":["post-302","page","type-page","status-publish","hentry"],"_links":{"self":[{"href":"https:\/\/www.sontax.se\/index.php\/wp-json\/wp\/v2\/pages\/302","targetHints":{"allow":["GET"]}}],"collection":[{"href":"https:\/\/www.sontax.se\/index.php\/wp-json\/wp\/v2\/pages"}],"about":[{"href":"https:\/\/www.sontax.se\/index.php\/wp-json\/wp\/v2\/types\/page"}],"author":[{"embeddable":true,"href":"https:\/\/www.sontax.se\/index.php\/wp-json\/wp\/v2\/users\/1"}],"replies":[{"embeddable":true,"href":"https:\/\/www.sontax.se\/index.php\/wp-json\/wp\/v2\/comments?post=302"}],"version-history":[{"count":15,"href":"https:\/\/www.sontax.se\/index.php\/wp-json\/wp\/v2\/pages\/302\/revisions"}],"predecessor-version":[{"id":3169,"href":"https:\/\/www.sontax.se\/index.php\/wp-json\/wp\/v2\/pages\/302\/revisions\/3169"}],"wp:attachment":[{"href":"https:\/\/www.sontax.se\/index.php\/wp-json\/wp\/v2\/media?parent=302"}],"curies":[{"name":"wp","href":"https:\/\/api.w.org\/{rel}","templated":true}]}}