{"id":293,"date":"2016-09-18T13:50:16","date_gmt":"2016-09-18T11:50:16","guid":{"rendered":"http:\/\/www.sontax.se\/?page_id=293"},"modified":"2018-05-15T13:09:48","modified_gmt":"2018-05-15T11:09:48","slug":"tva-satt-att-kopa-ljud","status":"publish","type":"page","link":"https:\/\/www.sontax.se\/index.php\/tva-satt-att-kopa-ljud\/","title":{"rendered":"Tv\u00e5 s\u00e4tt att k\u00f6pa ljud"},"content":{"rendered":"<h1>Tv\u00e5 s\u00e4tt att k\u00f6pa ljud<\/h1>\n<p>Det finns tv\u00e5 s\u00e4tt att k\u00f6pa ljud, med \u00f6gonen eller med \u00f6ronen.<\/p>\n<p>\u00d6gonk\u00f6p\u00a0&#8211; Man tar beslut enbart utifr\u00e5n ett papper, en akustikers utredning, offerter o. dyl. men ingen vet egentligen hur det f\u00f6reslagna systemet l\u00e5ter.<\/p>\n<p>\u00d6ronk\u00f6p\u00a0&#8211; Man tar helt enkelt och lyssnar med egna \u00f6ron p\u00e5 hur ett system l\u00e5ter, i aktuell lokal. Sedan tar man beslut.<\/p>\n<p>Att enbart k\u00f6pa med \u00f6gonen kan liknas vid att k\u00f6pa en bil utan att provk\u00f6ra den och vem g\u00f6r det?\u00a0Tyv\u00e4rr finns det m\u00e5nga exempel p\u00e5 ink\u00f6pare som enbart tar ink\u00f6psbeslut utifr\u00e5n ett papper.<\/p>\n<p>Vi hj\u00e4lper Er att k\u00f6pa ljud med \u00f6ronen s\u00e5 att Ni f\u00e5r ett bra beslutsunderlag.<\/p>\n","protected":false},"excerpt":{"rendered":"<p>Tv\u00e5 s\u00e4tt att k\u00f6pa ljud Det finns tv\u00e5 s\u00e4tt att k\u00f6pa ljud, med \u00f6gonen eller med \u00f6ronen. \u00d6gonk\u00f6p\u00a0&#8211; Man tar beslut enbart utifr\u00e5n ett papper, en akustikers utredning, offerter o. dyl. men ingen vet egentligen hur det f\u00f6reslagna systemet l\u00e5ter. \u00d6ronk\u00f6p\u00a0&#8211; Man tar helt enkelt och lyssnar med egna \u00f6ron p\u00e5 hur ett system l\u00e5ter, [&hellip;]<\/p>\n","protected":false},"author":1,"featured_media":0,"parent":0,"menu_order":0,"comment_status":"closed","ping_status":"closed","template":"elementor_canvas","meta":{"site-sidebar-layout":"default","site-content-layout":"","ast-site-content-layout":"default","site-content-style":"default","site-sidebar-style":"default","ast-global-header-display":"","ast-banner-title-visibility":"","ast-main-header-display":"","ast-hfb-above-header-display":"","ast-hfb-below-header-display":"","ast-hfb-mobile-header-display":"","site-post-title":"","ast-breadcrumbs-content":"","ast-featured-img":"","footer-sml-layout":"","ast-disable-related-posts":"","theme-transparent-header-meta":"","adv-header-id-meta":"","stick-header-meta":"","header-above-stick-meta":"","header-main-stick-meta":"","header-below-stick-meta":"","astra-migrate-meta-layouts":"default","ast-page-background-enabled":"default","ast-page-background-meta":{"desktop":{"background-color":"","background-image":"","background-repeat":"repeat","background-position":"center center","background-size":"auto","background-attachment":"scroll","background-type":"","background-media":"","overlay-type":"","overlay-color":"","overlay-opacity":"","overlay-gradient":""},"tablet":{"background-color":"","background-image":"","background-repeat":"repeat","background-position":"center center","background-size":"auto","background-attachment":"scroll","background-type":"","background-media":"","overlay-type":"","overlay-color":"","overlay-opacity":"","overlay-gradient":""},"mobile":{"background-color":"","background-image":"","background-repeat":"repeat","background-position":"center center","background-size":"auto","background-attachment":"scroll","background-type":"","background-media":"","overlay-type":"","overlay-color":"","overlay-opacity":"","overlay-gradient":""}},"ast-content-background-meta":{"desktop":{"background-color":"var(--ast-global-color-5)","background-image":"","background-repeat":"repeat","background-position":"center center","background-size":"auto","background-attachment":"scroll","background-type":"","background-media":"","overlay-type":"","overlay-color":"","overlay-opacity":"","overlay-gradient":""},"tablet":{"background-color":"var(--ast-global-color-5)","background-image":"","background-repeat":"repeat","background-position":"center center","background-size":"auto","background-attachment":"scroll","background-type":"","background-media":"","overlay-type":"","overlay-color":"","overlay-opacity":"","overlay-gradient":""},"mobile":{"background-color":"var(--ast-global-color-5)","background-image":"","background-repeat":"repeat","background-position":"center center","background-size":"auto","background-attachment":"scroll","background-type":"","background-media":"","overlay-type":"","overlay-color":"","overlay-opacity":"","overlay-gradient":""}},"footnotes":""},"class_list":["post-293","page","type-page","status-publish","hentry"],"_links":{"self":[{"href":"https:\/\/www.sontax.se\/index.php\/wp-json\/wp\/v2\/pages\/293","targetHints":{"allow":["GET"]}}],"collection":[{"href":"https:\/\/www.sontax.se\/index.php\/wp-json\/wp\/v2\/pages"}],"about":[{"href":"https:\/\/www.sontax.se\/index.php\/wp-json\/wp\/v2\/types\/page"}],"author":[{"embeddable":true,"href":"https:\/\/www.sontax.se\/index.php\/wp-json\/wp\/v2\/users\/1"}],"replies":[{"embeddable":true,"href":"https:\/\/www.sontax.se\/index.php\/wp-json\/wp\/v2\/comments?post=293"}],"version-history":[{"count":1,"href":"https:\/\/www.sontax.se\/index.php\/wp-json\/wp\/v2\/pages\/293\/revisions"}],"predecessor-version":[{"id":295,"href":"https:\/\/www.sontax.se\/index.php\/wp-json\/wp\/v2\/pages\/293\/revisions\/295"}],"wp:attachment":[{"href":"https:\/\/www.sontax.se\/index.php\/wp-json\/wp\/v2\/media?parent=293"}],"curies":[{"name":"wp","href":"https:\/\/api.w.org\/{rel}","templated":true}]}}